Last updated on 2025-04-28 21:52:50 CEST.
Flavor | Version | Tinstall | Tcheck | Ttotal | Status | Flags |
---|---|---|---|---|---|---|
r-devel-linux-x86_64-debian-clang | 0.5.1 | 5.87 | 45.50 | 51.37 | OK | |
r-devel-linux-x86_64-debian-gcc | 0.5.1 | 3.57 | 32.85 | 36.42 | NOTE | |
r-devel-linux-x86_64-fedora-clang | 0.5.1 | 78.96 | OK | |||
r-devel-linux-x86_64-fedora-gcc | 0.5.1 | 75.93 | OK | |||
r-devel-windows-x86_64 | 0.5.1 | 7.00 | 63.00 | 70.00 | OK | |
r-patched-linux-x86_64 | 0.5.1 | 5.82 | 43.86 | 49.68 | OK | |
r-release-linux-x86_64 | 0.5.1 | 5.64 | 43.44 | 49.08 | OK | |
r-release-macos-arm64 | 0.5.1 | 26.00 | OK | |||
r-release-macos-x86_64 | 0.5.1 | 48.00 | OK | |||
r-release-windows-x86_64 | 0.5.1 | 7.00 | 66.00 | 73.00 | OK | |
r-oldrel-macos-arm64 | 0.5.1 | 29.00 | OK | |||
r-oldrel-macos-x86_64 | 0.5.1 | 38.00 | OK | |||
r-oldrel-windows-x86_64 | 0.5.1 | 9.00 | 72.00 | 81.00 | OK |
Version: 0.5.1
Check: CRAN incoming feasibility
Result: NOTE
Maintainer: ‘Zhiyong Zhang <zzhang4@nd.edu>’
No Authors@R field in DESCRIPTION.
Please add one, modifying
Authors@R: c(person(given = "Zhiyong",
family = "Zhang",
role = c("aut", "cre"),
email = "zzhang4@nd.edu"),
person(given = "Jack",
family = "McArdle",
role = "aut"),
person(given = "Aki",
family = "Hamagami",
role = "aut"),
person(given = c("&", "Kevin"),
family = "Grimm",
role = "aut"))
as necessary.
Flavor: r-devel-linux-x86_64-debian-gcc