Last updated on 2025-04-28 21:52:34 CEST.
Flavor | Version | Tinstall | Tcheck | Ttotal | Status | Flags |
---|---|---|---|---|---|---|
r-devel-linux-x86_64-debian-clang | 1.1.1 | 2.58 | 40.51 | 43.09 | NOTE | |
r-devel-linux-x86_64-debian-gcc | 1.1.1 | 2.00 | 31.54 | 33.54 | NOTE | |
r-devel-linux-x86_64-fedora-clang | 1.1.1 | 67.69 | OK | |||
r-devel-linux-x86_64-fedora-gcc | 1.1.1 | 63.78 | OK | |||
r-devel-windows-x86_64 | 1.1.1 | 6.00 | 63.00 | 69.00 | NOTE | |
r-patched-linux-x86_64 | 1.1.1 | 2.81 | 40.13 | 42.94 | NOTE | |
r-release-linux-x86_64 | 1.1.1 | 2.71 | 39.48 | 42.19 | NOTE | |
r-release-macos-arm64 | 1.1.1 | 26.00 | OK | |||
r-release-macos-x86_64 | 1.1.1 | 39.00 | OK | |||
r-release-windows-x86_64 | 1.1.1 | 5.00 | 66.00 | 71.00 | NOTE | |
r-oldrel-macos-arm64 | 1.1.1 | 25.00 | OK | |||
r-oldrel-macos-x86_64 | 1.1.1 | 35.00 | OK | |||
r-oldrel-windows-x86_64 | 1.1.1 | 5.00 | 71.00 | 76.00 | OK |
Version: 1.1.1
Check: Rd cross-references
Result: NOTE
Found the following Rd file(s) with Rd \link{} targets missing package
anchors:
conformal.multidim.full.Rd: future.apply
conformal.multidim.msplit.Rd: future.apply
glmnet.funs.Rd: glmnet
plot_multidim.Rd: ggplot2, gridExtra, hrbrthemes
Please provide package anchors for all Rd \link{} targets not in the
package itself and the base packages.
Flavors: r-devel-linux-x86_64-debian-clang, r-devel-linux-x86_64-debian-gcc, r-devel-windows-x86_64, r-patched-linux-x86_64, r-release-linux-x86_64, r-release-windows-x86_64
Version: 1.1.1
Check: CRAN incoming feasibility
Result: NOTE
Maintainer: ‘Paolo Vergottini <paolo.vergottini@gmail.com>’
The Description field contains
<arXiv:1604.04173>, Diquigiovanni, Fontana, and Vantini (2021)
<arXiv:2102.06746>, Diquigiovanni, Fontana, and Vantini (2021)
<arXiv:2106.01792>, Solari, and Djordjilovic (2021) <arXiv:2103.00627>.
Please refer to arXiv e-prints via their arXiv DOI <doi:10.48550/arXiv.YYMM.NNNNN>.
Flavor: r-devel-linux-x86_64-debian-gcc
Version: 1.1.1
Check: examples
Result: NOTE
Examples with CPU (user + system) or elapsed time > 5s
user system elapsed
conformal.multidim.jackplus 6.812 0.413 21.191
Flavor: r-devel-linux-x86_64-debian-gcc