Last updated on 2025-04-28 21:52:40 CEST.
Flavor | Version | Tinstall | Tcheck | Ttotal | Status | Flags |
---|---|---|---|---|---|---|
r-devel-linux-x86_64-debian-clang | 1.6.1 | 44.94 | 139.97 | 184.91 | NOTE | |
r-devel-linux-x86_64-debian-gcc | 1.6.1 | 32.80 | 93.58 | 126.38 | NOTE | |
r-devel-linux-x86_64-fedora-clang | 1.6.1 | 293.52 | NOTE | |||
r-devel-linux-x86_64-fedora-gcc | 1.6.1 | 305.47 | NOTE | |||
r-devel-windows-x86_64 | 1.6.1 | 45.00 | 218.00 | 263.00 | NOTE | |
r-patched-linux-x86_64 | 1.6.1 | 46.24 | 138.01 | 184.25 | NOTE | |
r-release-linux-x86_64 | 1.6.1 | 45.83 | 138.30 | 184.13 | NOTE | |
r-release-macos-arm64 | 1.6.1 | 88.00 | NOTE | |||
r-release-macos-x86_64 | 1.6.1 | 182.00 | NOTE | |||
r-release-windows-x86_64 | 1.6.1 | 48.00 | 211.00 | 259.00 | NOTE | |
r-oldrel-macos-arm64 | 1.6.1 | 46.00 | NOTE | |||
r-oldrel-macos-x86_64 | 1.6.1 | 65.00 | NOTE | |||
r-oldrel-windows-x86_64 | 1.6.1 | 53.00 | 267.00 | 320.00 | NOTE |
Version: 1.6.1
Check: C++ specification
Result: NOTE
Specified C++11: please drop specification unless essential
Flavors: r-devel-linux-x86_64-debian-clang, r-devel-linux-x86_64-debian-gcc, r-devel-linux-x86_64-fedora-clang, r-devel-linux-x86_64-fedora-gcc, r-devel-windows-x86_64, r-patched-linux-x86_64, r-release-linux-x86_64, r-release-macos-arm64, r-release-macos-x86_64, r-release-windows-x86_64, r-oldrel-macos-arm64, r-oldrel-macos-x86_64, r-oldrel-windows-x86_64
Version: 1.6.1
Check: examples
Result: NOTE
Examples with CPU (user + system) or elapsed time > 5s
user system elapsed
CalculateGeometricRandomWalkKernel 5.294 0.024 5.896
CalculateConnectedGraphletKernel 4.817 0.221 5.574
CalculateShortestPathKernel 4.808 0.023 5.628
CalculateKStepRandomWalkKernel 4.646 0.020 5.910
mutag 3.404 0.024 5.712
Flavor: r-devel-linux-x86_64-debian-gcc
Version: 1.6.1
Check: installed package size
Result: NOTE
installed size is 15.9Mb
sub-directories of 1Mb or more:
libs 15.8Mb
Flavors: r-oldrel-macos-arm64, r-oldrel-macos-x86_64